{"id":632,"date":"2022-09-05T17:05:34","date_gmt":"2022-09-05T20:05:34","guid":{"rendered":"http:\/\/fraternidadedos12raios.com.br\/?page_id=632"},"modified":"2022-09-05T17:12:26","modified_gmt":"2022-09-05T20:12:26","slug":"ativacao-verbal-de-autoridade-nacional","status":"publish","type":"page","link":"http:\/\/fraternidadedos12raios.com.br\/?page_id=632","title":{"rendered":"Ativa\u00e7\u00e3o Verbal de Autoridade Nacional"},"content":{"rendered":"\n<p><br><strong>P\u00e1tria Amada Brasil<\/strong><\/p>\n\n\n\n<p>Neste momento<br>Eu Quero que a Presen\u00e7a Divina Eu Sou Tome Posse<br>Tome Posse Tome Posse<\/p>\n\n\n\n<p>Totalmente de Todas Energias Vibra\u00e7\u00f5es Consci\u00eancias Situa\u00e7\u00f5es e Circunst\u00e2ncias desagrad\u00e1veis e discordantes,<\/p>\n\n\n\n<p>Envolvendo-as Agora em Seus Poderosos Manto de Luz Eletr\u00f4nico, Corpo Causal e Ser de Fogo Branco<\/p>\n\n\n\n<p>E as Transforme Imediatamente em Pura Energia Motriz para Validar Novas Situa\u00e7\u00f5es com Projetos e Circunst\u00e2ncias Favor\u00e1veis \u00e0 Evolu\u00e7\u00e3o que Agora j\u00e1 Podem se Manifestar !<\/p>\n\n\n\n<p>3 xs ao dia no Poder de 3xs 3<\/p>\n\n\n\n<p>Isso agora est\u00e1 Feito Selado Realizado e Auro Sustentando no Poder e Autoridade da Presen\u00e7a Divina Eu Sou Universal<br>Aqui Agora<br>E Que Tomou Posse<br>Tomou Posse<br>Tomou Posse<br>Do Nosso Brasil !<br>Makrub<\/p>\n\n\n\n<p><em>Por Doriana Tamburini<\/em><br><br><a href=\"http:\/\/fraternidadedos12raios.com.br\/?page_id=16\">Voltar para Dicas<\/a><\/p>\n","protected":false},"excerpt":{"rendered":"<p>P\u00e1tria Amada Brasil Neste momentoEu Quero que a Presen\u00e7a Divina Eu Sou Tome PosseTome Posse Tome Posse Totalmente de Todas Energias Vibra\u00e7\u00f5es Consci\u00eancias Situa\u00e7\u00f5es e Circunst\u00e2ncias desagrad\u00e1veis e discordantes, Envolvendo-as Agora em Seus Poderosos Manto de Luz Eletr\u00f4nico, Corpo Causal e Ser de Fogo Branco E as Transforme Imediatamente em Pura Energia Motriz para Validar &hellip; <\/p>\n<p class=\"link-more\"><a href=\"http:\/\/fraternidadedos12raios.com.br\/?page_id=632\" class=\"more-link\">Continue lendo<span class=\"screen-reader-text\"> &#8220;Ativa\u00e7\u00e3o Verbal de Autoridade Nacional&#8221;<\/span><\/a><\/p>\n","protected":false},"author":1,"featured_media":0,"parent":0,"menu_order":0,"comment_status":"closed","ping_status":"closed","template":"","meta":[],"_links":{"self":[{"href":"http:\/\/fraternidadedos12raios.com.br\/index.php?rest_route=\/wp\/v2\/pages\/632"}],"collection":[{"href":"http:\/\/fraternidadedos12raios.com.br\/index.php?rest_route=\/wp\/v2\/pages"}],"about":[{"href":"http:\/\/fraternidadedos12raios.com.br\/index.php?rest_route=\/wp\/v2\/types\/page"}],"author":[{"embeddable":true,"href":"http:\/\/fraternidadedos12raios.com.br\/index.php?rest_route=\/wp\/v2\/users\/1"}],"replies":[{"embeddable":true,"href":"http:\/\/fraternidadedos12raios.com.br\/index.php?rest_route=%2Fwp%2Fv2%2Fcomments&post=632"}],"version-history":[{"count":3,"href":"http:\/\/fraternidadedos12raios.com.br\/index.php?rest_route=\/wp\/v2\/pages\/632\/revisions"}],"predecessor-version":[{"id":637,"href":"http:\/\/fraternidadedos12raios.com.br\/index.php?rest_route=\/wp\/v2\/pages\/632\/revisions\/637"}],"wp:attachment":[{"href":"http:\/\/fraternidadedos12raios.com.br\/index.php?rest_route=%2Fwp%2Fv2%2Fmedia&parent=632"}],"curies":[{"name":"wp","href":"https:\/\/api.w.org\/{rel}","templated":true}]}}

Ativação Verbal de Autoridade Nacional

<p><br><strong>Pátria Amada Brasil</strong></p>



<p>Neste momento<br>Eu Quero que a Presença Divina Eu Sou Tome Posse<br>Tome Posse Tome Posse</p>



<p>Totalmente de Todas Energias Vibrações Consciências Situações e Circunstâncias desagradáveis e discordantes,</p>



<p>Envolvendo-as Agora em Seus Poderosos Manto de Luz Eletrônico, Corpo Causal e Ser de Fogo Branco</p>



<p>E as Transforme Imediatamente em Pura Energia Motriz para Validar Novas Situações com Projetos e Circunstâncias Favoráveis à Evolução que Agora já Podem se Manifestar !</p>



<p>3 xs ao dia no Poder de 3xs 3</p>



<p>Isso agora está Feito Selado Realizado e Auro Sustentando no Poder e Autoridade da Presença Divina Eu Sou Universal<br>Aqui Agora<br>E Que Tomou Posse<br>Tomou Posse<br>Tomou Posse<br>Do Nosso Brasil !<br>Makrub</p>



<p><em>Por Doriana Tamburini</em><br><br><a href="http://fraternidadedos12raios.com.br/?page_id=16">Voltar para Dicas</a></p>

<p>Pátria Amada Brasil Neste momentoEu Quero que a Presença Divina Eu Sou Tome PosseTome Posse Tome Posse Totalmente de Todas Energias Vibrações Consciências Situações e Circunstâncias desagradáveis e discordantes, Envolvendo-as Agora em Seus Poderosos Manto de Luz Eletrônico, Corpo Causal e Ser de Fogo Branco E as Transforme Imediatamente em Pura Energia Motriz para Validar &hellip; </p>
<p class="link-more"><a href="http://fraternidadedos12raios.com.br/?page_id=632" class="more-link">Continue lendo<span class="screen-reader-text"> &#8220;Ativação Verbal de Autoridade Nacional&#8221;</span></a></p>
