{"id":629,"date":"2022-09-05T17:01:08","date_gmt":"2022-09-05T20:01:08","guid":{"rendered":"http:\/\/fraternidadedos12raios.com.br\/?page_id=629"},"modified":"2022-09-05T17:13:18","modified_gmt":"2022-09-05T20:13:18","slug":"convocacao-do-manifesto","status":"publish","type":"page","link":"http:\/\/fraternidadedos12raios.com.br\/?page_id=629","title":{"rendered":"Convoca\u00e7\u00e3o do Manifesto"},"content":{"rendered":"\n<p><\/p>\n\n\n\n<p>Manifesto<br>Manifesto<br>Manifesto<br>A Poderosa Presen\u00e7a Divina Eu Sou Universal<br>Em Todas as Situa\u00e7\u00f5es<br>Aqui Agora em Mim na Minha Vida no Meu Mundo<br>Em Todas as Circunst\u00e2ncias Desse Tempo Espa\u00e7o<\/p>\n\n\n\n<p>Onde Tudo e Todas as Dimens\u00f5es e MultiDimens\u00f4es<br>Universos e MultiVersus<br>Respondem Unicamente ao Meu Convite Evoca\u00e7\u00e3o e Invoca\u00e7\u00e3o<br>Convoca\u00e7\u00e3o Comando e Decreto<\/p>\n\n\n\n<p>Onde Tudo Absolutamente Tudo est\u00e1 nas M\u00e3os e Autoridade da Presen\u00e7a Divina Eu Sou Universal como \u00danico Poder e Autoridade Aqui Agora onde nenhum outro poder pode atuar!<br>Maktub<\/p>\n\n\n\n<p><strong>Fazer 3xs ao dia por 3 dias seguidos pelos pr\u00f3ximos tempos em voz alta e firme<\/strong><\/p>\n\n\n\n<p><\/p>\n\n\n\n<p><a href=\"http:\/\/fraternidadedos12raios.com.br\/?page_id=16\">Voltar para Dicas<\/a><\/p>\n","protected":false},"excerpt":{"rendered":"<p>ManifestoManifestoManifestoA Poderosa Presen\u00e7a Divina Eu Sou UniversalEm Todas as Situa\u00e7\u00f5esAqui Agora em Mim na Minha Vida no Meu MundoEm Todas as Circunst\u00e2ncias Desse Tempo Espa\u00e7o Onde Tudo e Todas as Dimens\u00f5es e MultiDimens\u00f4esUniversos e MultiVersusRespondem Unicamente ao Meu Convite Evoca\u00e7\u00e3o e Invoca\u00e7\u00e3oConvoca\u00e7\u00e3o Comando e Decreto Onde Tudo Absolutamente Tudo est\u00e1 nas M\u00e3os e Autoridade da &hellip; <\/p>\n<p class=\"link-more\"><a href=\"http:\/\/fraternidadedos12raios.com.br\/?page_id=629\" class=\"more-link\">Continue lendo<span class=\"screen-reader-text\"> &#8220;Convoca\u00e7\u00e3o do Manifesto&#8221;<\/span><\/a><\/p>\n","protected":false},"author":1,"featured_media":0,"parent":0,"menu_order":0,"comment_status":"closed","ping_status":"closed","template":"","meta":[],"_links":{"self":[{"href":"http:\/\/fraternidadedos12raios.com.br\/index.php?rest_route=\/wp\/v2\/pages\/629"}],"collection":[{"href":"http:\/\/fraternidadedos12raios.com.br\/index.php?rest_route=\/wp\/v2\/pages"}],"about":[{"href":"http:\/\/fraternidadedos12raios.com.br\/index.php?rest_route=\/wp\/v2\/types\/page"}],"author":[{"embeddable":true,"href":"http:\/\/fraternidadedos12raios.com.br\/index.php?rest_route=\/wp\/v2\/users\/1"}],"replies":[{"embeddable":true,"href":"http:\/\/fraternidadedos12raios.com.br\/index.php?rest_route=%2Fwp%2Fv2%2Fcomments&post=629"}],"version-history":[{"count":2,"href":"http:\/\/fraternidadedos12raios.com.br\/index.php?rest_route=\/wp\/v2\/pages\/629\/revisions"}],"predecessor-version":[{"id":638,"href":"http:\/\/fraternidadedos12raios.com.br\/index.php?rest_route=\/wp\/v2\/pages\/629\/revisions\/638"}],"wp:attachment":[{"href":"http:\/\/fraternidadedos12raios.com.br\/index.php?rest_route=%2Fwp%2Fv2%2Fmedia&parent=629"}],"curies":[{"name":"wp","href":"https:\/\/api.w.org\/{rel}","templated":true}]}}

Convocação do Manifesto

<p></p>



<p>Manifesto<br>Manifesto<br>Manifesto<br>A Poderosa Presença Divina Eu Sou Universal<br>Em Todas as Situações<br>Aqui Agora em Mim na Minha Vida no Meu Mundo<br>Em Todas as Circunstâncias Desse Tempo Espaço</p>



<p>Onde Tudo e Todas as Dimensões e MultiDimensôes<br>Universos e MultiVersus<br>Respondem Unicamente ao Meu Convite Evocação e Invocação<br>Convocação Comando e Decreto</p>



<p>Onde Tudo Absolutamente Tudo está nas Mãos e Autoridade da Presença Divina Eu Sou Universal como Único Poder e Autoridade Aqui Agora onde nenhum outro poder pode atuar!<br>Maktub</p>



<p><strong>Fazer 3xs ao dia por 3 dias seguidos pelos próximos tempos em voz alta e firme</strong></p>



<p></p>



<p><a href="http://fraternidadedos12raios.com.br/?page_id=16">Voltar para Dicas</a></p>

<p>ManifestoManifestoManifestoA Poderosa Presença Divina Eu Sou UniversalEm Todas as SituaçõesAqui Agora em Mim na Minha Vida no Meu MundoEm Todas as Circunstâncias Desse Tempo Espaço Onde Tudo e Todas as Dimensões e MultiDimensôesUniversos e MultiVersusRespondem Unicamente ao Meu Convite Evocação e InvocaçãoConvocação Comando e Decreto Onde Tudo Absolutamente Tudo está nas Mãos e Autoridade da &hellip; </p>
<p class="link-more"><a href="http://fraternidadedos12raios.com.br/?page_id=629" class="more-link">Continue lendo<span class="screen-reader-text"> &#8220;Convocação do Manifesto&#8221;</span></a></p>
