{"id":609,"date":"2022-09-05T09:24:15","date_gmt":"2022-09-05T12:24:15","guid":{"rendered":"http:\/\/fraternidadedos12raios.com.br\/?page_id=609"},"modified":"2022-09-05T10:04:48","modified_gmt":"2022-09-05T13:04:48","slug":"oracao-de-libertacao-gratidao-inclusao-e-luz-aos-ancestrais-e-a-todo-o-sistema-familiar","status":"publish","type":"page","link":"http:\/\/fraternidadedos12raios.com.br\/?page_id=609","title":{"rendered":"ORA\u00c7\u00c3O DE LIBERTA\u00c7\u00c3O \u2013 GRATID\u00c3O, INCLUS\u00c3O E LUZ AOS ANCESTRAIS E A TODO O SISTEMA FAMILIAR"},"content":{"rendered":"\n<p class=\"has-small-font-size\"><br><em>(3 de setembro de 2020 &#8211; flores no ar &#8211; JARDIM0)<\/em><\/p>\n\n\n\n<p>\u201cGratid\u00e3o queridos pais, av\u00f3s e demais ancestrais por terem tecido o meu caminho.<br>Imensa gratid\u00e3o pela imensid\u00e3o dos seus sonhos que, de alguma forma, s\u00e3o hoje a minha realidade.<br>A partir deste ponto e com muito amor, dou luz \u00e0 tristeza que houve nas gera\u00e7\u00f5es passadas, dou luz \u00e0 raiva, \u00e0s partidas prematuras, aos nomes n\u00e3o ditos, aos destinos tr\u00e1gicos.<br>Dou luz \u00e0 flecha que cortou caminhos e tornou a cal\u00e7ada mais f\u00e1cil para n\u00f3s.<br>Dou luz \u00e0 alegria, \u00e0s hist\u00f3rias repetidas v\u00e1rias vezes.<br>Dou luz ao n\u00e3o dito e aos segredos de fam\u00edlia.<br>Dou luz \u00e0s hist\u00f3rias de viol\u00eancia e ruptura entre casais, pais e filhos e entre irm\u00e3os e que seja o tempo e o amor que volte a unir.<br>Dou luz a todas as mem\u00f3rias de limita\u00e7\u00e3o e pobreza, a todas as cren\u00e7as desestruturantes e negativas que permeiem o meu sistema familiar.<br>Aqui e agora semeio uma nova esperan\u00e7a, alegria, uni\u00e3o, prosperidade, entrega, equil\u00edbrio, ousadia, f\u00e9, for\u00e7a, supera\u00e7\u00e3o, amor, amor e amor.<br>Que todas as gera\u00e7\u00f5es passadas e futuras sejam agora, neste instante, cobertas com um arco-\u00edris de luzes que curem e restaurem o corpo, a alma e todos os relacionamentos.<br>Que a for\u00e7a e a b\u00ean\u00e7\u00e3o de cada gera\u00e7\u00e3o alcance sempre e inunde a gera\u00e7\u00e3o seguinte.<br>Assim seja.<br>Assim \u00e9!\u201d<\/p>\n\n\n\n<p class=\"has-small-font-size\"><em>(Ora\u00e7\u00e3o recebida via WhatsAPP, sem cita\u00e7\u00e3o da fonte)<\/em><\/p>\n\n\n\n<p><a href=\"http:\/\/fraternidadedos12raios.com.br\/?page_id=16\">Voltar para Dicas<\/a><\/p>\n","protected":false},"excerpt":{"rendered":"<p>(3 de setembro de 2020 &#8211; flores no ar &#8211; JARDIM0) \u201cGratid\u00e3o queridos pais, av\u00f3s e demais ancestrais por terem tecido o meu caminho.Imensa gratid\u00e3o pela imensid\u00e3o dos seus sonhos que, de alguma forma, s\u00e3o hoje a minha realidade.A partir deste ponto e com muito amor, dou luz \u00e0 tristeza que houve nas gera\u00e7\u00f5es passadas, &hellip; <\/p>\n<p class=\"link-more\"><a href=\"http:\/\/fraternidadedos12raios.com.br\/?page_id=609\" class=\"more-link\">Continue lendo<span class=\"screen-reader-text\"> &#8220;ORA\u00c7\u00c3O DE LIBERTA\u00c7\u00c3O \u2013 GRATID\u00c3O, INCLUS\u00c3O E LUZ AOS ANCESTRAIS E A TODO O SISTEMA FAMILIAR&#8221;<\/span><\/a><\/p>\n","protected":false},"author":1,"featured_media":0,"parent":0,"menu_order":0,"comment_status":"closed","ping_status":"closed","template":"","meta":[],"_links":{"self":[{"href":"http:\/\/fraternidadedos12raios.com.br\/index.php?rest_route=\/wp\/v2\/pages\/609"}],"collection":[{"href":"http:\/\/fraternidadedos12raios.com.br\/index.php?rest_route=\/wp\/v2\/pages"}],"about":[{"href":"http:\/\/fraternidadedos12raios.com.br\/index.php?rest_route=\/wp\/v2\/types\/page"}],"author":[{"embeddable":true,"href":"http:\/\/fraternidadedos12raios.com.br\/index.php?rest_route=\/wp\/v2\/users\/1"}],"replies":[{"embeddable":true,"href":"http:\/\/fraternidadedos12raios.com.br\/index.php?rest_route=%2Fwp%2Fv2%2Fcomments&post=609"}],"version-history":[{"count":3,"href":"http:\/\/fraternidadedos12raios.com.br\/index.php?rest_route=\/wp\/v2\/pages\/609\/revisions"}],"predecessor-version":[{"id":627,"href":"http:\/\/fraternidadedos12raios.com.br\/index.php?rest_route=\/wp\/v2\/pages\/609\/revisions\/627"}],"wp:attachment":[{"href":"http:\/\/fraternidadedos12raios.com.br\/index.php?rest_route=%2Fwp%2Fv2%2Fmedia&parent=609"}],"curies":[{"name":"wp","href":"https:\/\/api.w.org\/{rel}","templated":true}]}}

ORAÇÃO DE LIBERTAÇÃO – GRATIDÃO, INCLUSÃO E LUZ AOS ANCESTRAIS E A TODO O SISTEMA FAMILIAR

<p class="has-small-font-size"><br><em>(3 de setembro de 2020 &#8211; flores no ar &#8211; JARDIM0)</em></p>



<p>“Gratidão queridos pais, avós e demais ancestrais por terem tecido o meu caminho.<br>Imensa gratidão pela imensidão dos seus sonhos que, de alguma forma, são hoje a minha realidade.<br>A partir deste ponto e com muito amor, dou luz à tristeza que houve nas gerações passadas, dou luz à raiva, às partidas prematuras, aos nomes não ditos, aos destinos trágicos.<br>Dou luz à flecha que cortou caminhos e tornou a calçada mais fácil para nós.<br>Dou luz à alegria, às histórias repetidas várias vezes.<br>Dou luz ao não dito e aos segredos de família.<br>Dou luz às histórias de violência e ruptura entre casais, pais e filhos e entre irmãos e que seja o tempo e o amor que volte a unir.<br>Dou luz a todas as memórias de limitação e pobreza, a todas as crenças desestruturantes e negativas que permeiem o meu sistema familiar.<br>Aqui e agora semeio uma nova esperança, alegria, união, prosperidade, entrega, equilíbrio, ousadia, fé, força, superação, amor, amor e amor.<br>Que todas as gerações passadas e futuras sejam agora, neste instante, cobertas com um arco-íris de luzes que curem e restaurem o corpo, a alma e todos os relacionamentos.<br>Que a força e a bênção de cada geração alcance sempre e inunde a geração seguinte.<br>Assim seja.<br>Assim é!”</p>



<p class="has-small-font-size"><em>(Oração recebida via WhatsAPP, sem citação da fonte)</em></p>



<p><a href="http://fraternidadedos12raios.com.br/?page_id=16">Voltar para Dicas</a></p>

<p>(3 de setembro de 2020 &#8211; flores no ar &#8211; JARDIM0) “Gratidão queridos pais, avós e demais ancestrais por terem tecido o meu caminho.Imensa gratidão pela imensidão dos seus sonhos que, de alguma forma, são hoje a minha realidade.A partir deste ponto e com muito amor, dou luz à tristeza que houve nas gerações passadas, &hellip; </p>
<p class="link-more"><a href="http://fraternidadedos12raios.com.br/?page_id=609" class="more-link">Continue lendo<span class="screen-reader-text"> &#8220;ORAÇÃO DE LIBERTAÇÃO – GRATIDÃO, INCLUSÃO E LUZ AOS ANCESTRAIS E A TODO O SISTEMA FAMILIAR&#8221;</span></a></p>
