{"id":557,"date":"2022-01-10T09:36:53","date_gmt":"2022-01-10T11:36:53","guid":{"rendered":"http:\/\/fraternidadedos12raios.com.br\/?page_id=557"},"modified":"2022-01-10T09:49:53","modified_gmt":"2022-01-10T11:49:53","slug":"medicos-que-emitem-laudos","status":"publish","type":"page","link":"http:\/\/fraternidadedos12raios.com.br\/?page_id=557","title":{"rendered":"M\u00c9DICOS QUE EMITEM LAUDOS"},"content":{"rendered":"\n<p>M\u00c9DICOS QUE EMITEM LAUDOS e declara\u00e7\u00f5es de isen\u00e7\u00e3o de vacinas mediante os exames comprobat\u00f3rios de algumas doen\u00e7as ou infec\u00e7\u00e3o pr\u00e9via (imunidade):<\/p>\n\n\n\n<ul><li>Mateus Drumond<br>(37) 99947-4027<\/li><li>Alessandro Loiola<br>(61) 99606-2308<\/li><li>Djalma Marques<br>(81) 98669-5040-(81) 98829-411<\/li><li>Jos\u00e9 Augusto Nasser<br>(21) 98553-5329<\/li><li>Heleine Almeida<br>(21) 96453-3343<\/li><li>Marcos Falc\u00e3o<br>(82) 99622-4694<\/li><li>Ant\u00f4nio Santiago<br>(71) 99160-8691<\/li><li>Patr\u00edcia Nogueira Alves Silva<br>(71) 99974-3031<\/li><li>Yuri Freire de Carvalho<br>(71) 99333-4667<\/li><li>Lohana Ribeiro da Silva<br>(48) 99909-4699<\/li><li>Rodrigo Mistrinel de Almeida<br>(11) 98696-0479<\/li><li>Maria Clara Alves dos Santos<br>(24) 99945-4566<\/li><li>Clarice Saba<br>(71) 99972-6342<\/li><li>Caroline Trindade<br>(48) 99179-5934<\/li><li>Vitor Azzini<br>https:\/\/t.co\/LIvIRwnsdg<\/li><\/ul>\n\n\n\n<p>*todos realizam atendimento on-line.<\/p>\n\n\n\n<p>Certamente devem haver outros, mas estes se manifestaram publicamente.<\/p>\n\n\n\n<p><\/p>\n\n\n\n<p><a href=\"http:\/\/fraternidadedos12raios.com.br\/?page_id=362\">Voltar<\/a><\/p>\n","protected":false},"excerpt":{"rendered":"<p>M\u00c9DICOS QUE EMITEM LAUDOS e declara\u00e7\u00f5es de isen\u00e7\u00e3o de vacinas mediante os exames comprobat\u00f3rios de algumas doen\u00e7as ou infec\u00e7\u00e3o pr\u00e9via (imunidade): Mateus Drumond(37) 99947-4027 Alessandro Loiola(61) 99606-2308 Djalma Marques(81) 98669-5040-(81) 98829-411 Jos\u00e9 Augusto Nasser(21) 98553-5329 Heleine Almeida(21) 96453-3343 Marcos Falc\u00e3o(82) 99622-4694 Ant\u00f4nio Santiago(71) 99160-8691 Patr\u00edcia Nogueira Alves Silva(71) 99974-3031 Yuri Freire de Carvalho(71) 99333-4667 Lohana &hellip; <\/p>\n<p class=\"link-more\"><a href=\"http:\/\/fraternidadedos12raios.com.br\/?page_id=557\" class=\"more-link\">Continue lendo<span class=\"screen-reader-text\"> &#8220;M\u00c9DICOS QUE EMITEM LAUDOS&#8221;<\/span><\/a><\/p>\n","protected":false},"author":1,"featured_media":0,"parent":0,"menu_order":0,"comment_status":"closed","ping_status":"closed","template":"","meta":[],"_links":{"self":[{"href":"http:\/\/fraternidadedos12raios.com.br\/index.php?rest_route=\/wp\/v2\/pages\/557"}],"collection":[{"href":"http:\/\/fraternidadedos12raios.com.br\/index.php?rest_route=\/wp\/v2\/pages"}],"about":[{"href":"http:\/\/fraternidadedos12raios.com.br\/index.php?rest_route=\/wp\/v2\/types\/page"}],"author":[{"embeddable":true,"href":"http:\/\/fraternidadedos12raios.com.br\/index.php?rest_route=\/wp\/v2\/users\/1"}],"replies":[{"embeddable":true,"href":"http:\/\/fraternidadedos12raios.com.br\/index.php?rest_route=%2Fwp%2Fv2%2Fcomments&post=557"}],"version-history":[{"count":2,"href":"http:\/\/fraternidadedos12raios.com.br\/index.php?rest_route=\/wp\/v2\/pages\/557\/revisions"}],"predecessor-version":[{"id":565,"href":"http:\/\/fraternidadedos12raios.com.br\/index.php?rest_route=\/wp\/v2\/pages\/557\/revisions\/565"}],"wp:attachment":[{"href":"http:\/\/fraternidadedos12raios.com.br\/index.php?rest_route=%2Fwp%2Fv2%2Fmedia&parent=557"}],"curies":[{"name":"wp","href":"https:\/\/api.w.org\/{rel}","templated":true}]}}