{"id":39,"date":"2017-08-08T10:32:21","date_gmt":"2017-08-08T10:32:21","guid":{"rendered":"http:\/\/fraternidadedos12raios.com.br\/?page_id=39"},"modified":"2023-01-05T10:14:56","modified_gmt":"2023-01-05T12:14:56","slug":"maria","status":"publish","type":"page","link":"http:\/\/fraternidadedos12raios.com.br\/?page_id=39","title":{"rendered":"Maria"},"content":{"rendered":"<p><a href=\"http:\/\/www.fraternidadedos12raios.com.br\/pdf\/padroeiras.pdf\" target=\"_blank\" rel=\"noopener noreferrer\">As Padroeiras do continente americano<\/a><\/p>\n<p><a href=\"http:\/\/www.fraternidadedos12raios.com.br\/pdf\/mesa_guadalupe.pdf\" target=\"_blank\" rel=\"noopener noreferrer\">Mesa Guadalupe<\/a><\/p>\n\n\n<p><a rel=\"noreferrer noopener\" href=\"https:\/\/youtu.be\/LLMRGiJZ0Gs\" target=\"_blank\">Ros\u00e1rio de M\u00e3e Maria<\/a><\/p>\n\n\n\n<figure class=\"wp-block-embed is-type-video is-provider-youtube wp-block-embed-youtube wp-embed-aspect-16-9 wp-has-aspect-ratio\"><div class=\"wp-block-embed__wrapper\">\n<iframe loading=\"lazy\" title=\"Ros\u00e1rio de M\u00e3e Maria\" width=\"525\" height=\"295\" src=\"https:\/\/www.youtube.com\/embed\/LLMRGiJZ0Gs?feature=oembed\" frameborder=\"0\" allow=\"accelerometer; autoplay; clipboard-write; encrypted-media; gyroscope; picture-in-picture; web-share\" allowfullscreen><\/iframe>\n<\/div><\/figure>\n\n\n\n<p>Ora\u00e7\u00e3o com M\u00e3e Maria<br>Nossa Atividade com M\u00e3e Maria para nosso Brasil<br><a href=\"http:\/\/fraternidadedos12raios.com.br\/?page_id=681\" target=\"_blank\" rel=\"noreferrer noopener\">Ora\u00e7\u00e3o Ave Maria, com introdu\u00e7\u00e3o Espiritualista, por Etienne Rugik<\/a><\/p>\n\n\n\n<figure class=\"wp-block-embed is-type-video is-provider-vimeo wp-block-embed-vimeo\"><div class=\"wp-block-embed__wrapper\">\n<iframe loading=\"lazy\" title=\"Ora&amp;ccedil;&amp;atilde;o com M&amp;atilde;e Maria\" src=\"https:\/\/player.vimeo.com\/video\/786550029?h=aa0e50cd67&amp;dnt=1&amp;app_id=122963\" width=\"320\" height=\"396\" frameborder=\"0\" allow=\"autoplay; fullscreen; picture-in-picture\" allowfullscreen><\/iframe>\n<\/div><\/figure>\n\n\n\n<p><\/p>\n\n\n\n<p><\/p>\n\n\n\n<p><a href=\"http:\/\/fraternidadedos12raios.com.br\/?page_id=260\">Voltar<\/a><\/p>\n","protected":false},"excerpt":{"rendered":"<p>As Padroeiras do continente americano Mesa Guadalupe Ros\u00e1rio de M\u00e3e Maria Ora\u00e7\u00e3o com M\u00e3e MariaNossa Atividade com M\u00e3e Maria para nosso BrasilOra\u00e7\u00e3o Ave Maria, com introdu\u00e7\u00e3o Espiritualista, por Etienne Rugik Voltar<\/p>\n","protected":false},"author":1,"featured_media":0,"parent":0,"menu_order":0,"comment_status":"closed","ping_status":"closed","template":"","meta":[],"_links":{"self":[{"href":"http:\/\/fraternidadedos12raios.com.br\/index.php?rest_route=\/wp\/v2\/pages\/39"}],"collection":[{"href":"http:\/\/fraternidadedos12raios.com.br\/index.php?rest_route=\/wp\/v2\/pages"}],"about":[{"href":"http:\/\/fraternidadedos12raios.com.br\/index.php?rest_route=\/wp\/v2\/types\/page"}],"author":[{"embeddable":true,"href":"http:\/\/fraternidadedos12raios.com.br\/index.php?rest_route=\/wp\/v2\/users\/1"}],"replies":[{"embeddable":true,"href":"http:\/\/fraternidadedos12raios.com.br\/index.php?rest_route=%2Fwp%2Fv2%2Fcomments&post=39"}],"version-history":[{"count":8,"href":"http:\/\/fraternidadedos12raios.com.br\/index.php?rest_route=\/wp\/v2\/pages\/39\/revisions"}],"predecessor-version":[{"id":691,"href":"http:\/\/fraternidadedos12raios.com.br\/index.php?rest_route=\/wp\/v2\/pages\/39\/revisions\/691"}],"wp:attachment":[{"href":"http:\/\/fraternidadedos12raios.com.br\/index.php?rest_route=%2Fwp%2Fv2%2Fmedia&parent=39"}],"curies":[{"name":"wp","href":"https:\/\/api.w.org\/{rel}","templated":true}]}}