{"id":214,"date":"2020-07-20T17:22:00","date_gmt":"2020-07-20T17:22:00","guid":{"rendered":"http:\/\/fraternidadedos12raios.com.br\/?page_id=214"},"modified":"2020-07-20T17:23:43","modified_gmt":"2020-07-20T17:23:43","slug":"como-mudar-sua-energia","status":"publish","type":"page","link":"http:\/\/fraternidadedos12raios.com.br\/?page_id=214","title":{"rendered":"Como Mudar Sua Energia"},"content":{"rendered":"\n<p>Estrat\u00e9gias Mentais (o que voc\u00ea deve fazer de dentro para fora).<\/p>\n\n\n\n<p>&#x2728;1 . Pense sempre, de forma positiva. Toda vez que um pensamento negativo vier \u00e0 sua cabe\u00e7a, troque-o por outro! Para isso, \u00e9 preciso muita disciplina mental. Voc\u00ea n\u00e3o adquire isso do dia para a noite; assim como um \u201catleta\u201d, treine muito.<\/p>\n\n\n\n<p>&#x2728;2 . N\u00e3o tenha medo de nada e ningu\u00e9m.<br>O medo \u00e9 uma das maiores causas de nossas perturba\u00e7\u00f5es interiores. Tenha f\u00e9 em voc\u00ea mesmo. Sentir medo \u00e9 acreditar que os outros s\u00e3o poderosos. N\u00e3o d\u00ea poder ao pr\u00f3ximo.<\/p>\n\n\n\n<p>&#x2728;3 . N\u00e3o se queixe. Quando voc\u00ea reclama, tal qual um \u00edm\u00e3, voc\u00ea atrai para si toda a carga negativa de suas pr\u00f3prias palavras. A maioria das coisas que acabam dando errado, come\u00e7a a se materializar quando nos lamentamos.<\/p>\n\n\n\n<p>&#x2728;4 . Risque a palavra \u201cculpa\u201d do seu dicion\u00e1rio. N\u00e3o se permita esta sensa\u00e7\u00e3o, pois quando nos punimos, abrimos nossa retaguarda para vibra\u00e7\u00f5es negativas, que vibram com nossa melancolia. Ignore-os.<\/p>\n\n\n\n<p>&#x2728;5 . N\u00e3o deixe que interfer\u00eancias externas tumultuem o seu cotidiano. Livre-se de fofocas, coment\u00e1rios maldosos e gente deprimida. Isto \u00e9 contagioso. Seja prestativo com quem presta. Sintonize com gente positiva e alto astral.<\/p>\n\n\n\n<p>&#x2728;6 . N\u00e3o se aborre\u00e7a com facilidade e nem d\u00ea import\u00e2ncia \u00e0s pequenas coisas. Quando nos irritamos, envenenamos nosso corpo e nossa mente. Procure conviver com serenidade e quando tiver vontade de explodir, conte at\u00e9 dez.<\/p>\n\n\n\n<p>&#x2728;7 . Viva o presente. O ansioso vive no futuro. O rancoroso, vive no passado. Aproveite o aqui e agora. Nada se repete, tudo passa. Fa\u00e7a o seu dia valer a pena. N\u00e3o perca tempo com melindres e preocupa\u00e7\u00f5es, pois s\u00f3 trazem doen\u00e7as.<\/p>\n\n\n\n<p>A PAZ COME\u00c7A EM MIM! &#x2728;&#x1f64f;&#x1f495;&#x2728;<\/p>\n\n\n\n<p>Gratid\u00e3o Sempre &#x1f4ab;&#x2728;&#x1f31f;<\/p>\n","protected":false},"excerpt":{"rendered":"<p>Estrat\u00e9gias Mentais (o que voc\u00ea deve fazer de dentro para fora). &#x2728;1 . Pense sempre, de forma positiva. Toda vez que um pensamento negativo vier \u00e0 sua cabe\u00e7a, troque-o por outro! Para isso, \u00e9 preciso muita disciplina mental. Voc\u00ea n\u00e3o adquire isso do dia para a noite; assim como um \u201catleta\u201d, treine muito. &#x2728;2 . &hellip; <\/p>\n<p class=\"link-more\"><a href=\"http:\/\/fraternidadedos12raios.com.br\/?page_id=214\" class=\"more-link\">Continue lendo<span class=\"screen-reader-text\"> &#8220;Como Mudar Sua Energia&#8221;<\/span><\/a><\/p>\n","protected":false},"author":1,"featured_media":0,"parent":0,"menu_order":0,"comment_status":"closed","ping_status":"closed","template":"","meta":[],"_links":{"self":[{"href":"http:\/\/fraternidadedos12raios.com.br\/index.php?rest_route=\/wp\/v2\/pages\/214"}],"collection":[{"href":"http:\/\/fraternidadedos12raios.com.br\/index.php?rest_route=\/wp\/v2\/pages"}],"about":[{"href":"http:\/\/fraternidadedos12raios.com.br\/index.php?rest_route=\/wp\/v2\/types\/page"}],"author":[{"embeddable":true,"href":"http:\/\/fraternidadedos12raios.com.br\/index.php?rest_route=\/wp\/v2\/users\/1"}],"replies":[{"embeddable":true,"href":"http:\/\/fraternidadedos12raios.com.br\/index.php?rest_route=%2Fwp%2Fv2%2Fcomments&post=214"}],"version-history":[{"count":1,"href":"http:\/\/fraternidadedos12raios.com.br\/index.php?rest_route=\/wp\/v2\/pages\/214\/revisions"}],"predecessor-version":[{"id":215,"href":"http:\/\/fraternidadedos12raios.com.br\/index.php?rest_route=\/wp\/v2\/pages\/214\/revisions\/215"}],"wp:attachment":[{"href":"http:\/\/fraternidadedos12raios.com.br\/index.php?rest_route=%2Fwp%2Fv2%2Fmedia&parent=214"}],"curies":[{"name":"wp","href":"https:\/\/api.w.org\/{rel}","templated":true}]}}

<p>Estratégias Mentais (o que você deve fazer de dentro para fora).</p>



<p>&#x2728;1 . Pense sempre, de forma positiva. Toda vez que um pensamento negativo vier à sua cabeça, troque-o por outro! Para isso, é preciso muita disciplina mental. Você não adquire isso do dia para a noite; assim como um “atleta”, treine muito.</p>



<p>&#x2728;2 . Não tenha medo de nada e ninguém.<br>O medo é uma das maiores causas de nossas perturbações interiores. Tenha fé em você mesmo. Sentir medo é acreditar que os outros são poderosos. Não dê poder ao próximo.</p>



<p>&#x2728;3 . Não se queixe. Quando você reclama, tal qual um ímã, você atrai para si toda a carga negativa de suas próprias palavras. A maioria das coisas que acabam dando errado, começa a se materializar quando nos lamentamos.</p>



<p>&#x2728;4 . Risque a palavra “culpa” do seu dicionário. Não se permita esta sensação, pois quando nos punimos, abrimos nossa retaguarda para vibrações negativas, que vibram com nossa melancolia. Ignore-os.</p>



<p>&#x2728;5 . Não deixe que interferências externas tumultuem o seu cotidiano. Livre-se de fofocas, comentários maldosos e gente deprimida. Isto é contagioso. Seja prestativo com quem presta. Sintonize com gente positiva e alto astral.</p>



<p>&#x2728;6 . Não se aborreça com facilidade e nem dê importância às pequenas coisas. Quando nos irritamos, envenenamos nosso corpo e nossa mente. Procure conviver com serenidade e quando tiver vontade de explodir, conte até dez.</p>



<p>&#x2728;7 . Viva o presente. O ansioso vive no futuro. O rancoroso, vive no passado. Aproveite o aqui e agora. Nada se repete, tudo passa. Faça o seu dia valer a pena. Não perca tempo com melindres e preocupações, pois só trazem doenças.</p>



<p>A PAZ COMEÇA EM MIM! &#x2728;&#x1f64f;&#x1f495;&#x2728;</p>



<p>Gratidão Sempre &#x1f4ab;&#x2728;&#x1f31f;</p>

<p>Estratégias Mentais (o que você deve fazer de dentro para fora). &#x2728;1 . Pense sempre, de forma positiva. Toda vez que um pensamento negativo vier à sua cabeça, troque-o por outro! Para isso, é preciso muita disciplina mental. Você não adquire isso do dia para a noite; assim como um “atleta”, treine muito. &#x2728;2 . &hellip; </p>
<p class="link-more"><a href="http://fraternidadedos12raios.com.br/?page_id=214" class="more-link">Continue lendo<span class="screen-reader-text"> &#8220;Como Mudar Sua Energia&#8221;</span></a></p>
