{"id":202,"date":"2020-07-20T17:01:00","date_gmt":"2020-07-20T17:01:00","guid":{"rendered":"http:\/\/fraternidadedos12raios.com.br\/?page_id=202"},"modified":"2022-09-05T17:07:11","modified_gmt":"2022-09-05T20:07:11","slug":"2-sugestao-de-oracoes-decretos-e-comandos","status":"publish","type":"page","link":"http:\/\/fraternidadedos12raios.com.br\/?page_id=202","title":{"rendered":"Dica 2 \u2013 Sugest\u00e3o de Ora\u00e7\u00f5es e Comandos"},"content":{"rendered":"\n<p><a href=\"http:\/\/fraternidadedos12raios.com.br\/?page_id=632\" data-type=\"URL\" data-id=\"http:\/\/fraternidadedos12raios.com.br\/?page_id=632\">Ativa\u00e7\u00e3o Verbal de Autoridade Nacional<\/a><\/p>\n\n\n\n<p><a href=\"http:\/\/fraternidadedos12raios.com.br\/?page_id=629\" data-type=\"URL\" data-id=\"http:\/\/fraternidadedos12raios.com.br\/?page_id=629\">Convoca\u00e7\u00e3o do Manifesto<\/a><\/p>\n\n\n\n<p><a href=\"http:\/\/fraternidadedos12raios.com.br\/?page_id=619\" data-type=\"URL\" data-id=\"http:\/\/fraternidadedos12raios.com.br\/?page_id=619\">Ho&#8217;oponopono com M\u00e3e Kwan Yin<\/a><\/p>\n\n\n\n<p><a href=\"http:\/\/fraternidadedos12raios.com.br\/?page_id=609\" data-type=\"URL\" data-id=\"http:\/\/fraternidadedos12raios.com.br\/?page_id=609\">Ora\u00e7\u00e3o da Liberta\u00e7\u00e3o<\/a><\/p>\n\n\n\n<p><a href=\"http:\/\/fraternidadedos12raios.com.br\/?page_id=207\">Ora\u00e7\u00e3o da Cura Ancestral<\/a><\/p>\n","protected":false},"excerpt":{"rendered":"<p>Ativa\u00e7\u00e3o Verbal de Autoridade Nacional Convoca\u00e7\u00e3o do Manifesto Ho&#8217;oponopono com M\u00e3e Kwan Yin Ora\u00e7\u00e3o da Liberta\u00e7\u00e3o Ora\u00e7\u00e3o da Cura Ancestral<\/p>\n","protected":false},"author":1,"featured_media":0,"parent":0,"menu_order":0,"comment_status":"closed","ping_status":"closed","template":"","meta":[],"_links":{"self":[{"href":"http:\/\/fraternidadedos12raios.com.br\/index.php?rest_route=\/wp\/v2\/pages\/202"}],"collection":[{"href":"http:\/\/fraternidadedos12raios.com.br\/index.php?rest_route=\/wp\/v2\/pages"}],"about":[{"href":"http:\/\/fraternidadedos12raios.com.br\/index.php?rest_route=\/wp\/v2\/types\/page"}],"author":[{"embeddable":true,"href":"http:\/\/fraternidadedos12raios.com.br\/index.php?rest_route=\/wp\/v2\/users\/1"}],"replies":[{"embeddable":true,"href":"http:\/\/fraternidadedos12raios.com.br\/index.php?rest_route=%2Fwp%2Fv2%2Fcomments&post=202"}],"version-history":[{"count":12,"href":"http:\/\/fraternidadedos12raios.com.br\/index.php?rest_route=\/wp\/v2\/pages\/202\/revisions"}],"predecessor-version":[{"id":635,"href":"http:\/\/fraternidadedos12raios.com.br\/index.php?rest_route=\/wp\/v2\/pages\/202\/revisions\/635"}],"wp:attachment":[{"href":"http:\/\/fraternidadedos12raios.com.br\/index.php?rest_route=%2Fwp%2Fv2%2Fmedia&parent=202"}],"curies":[{"name":"wp","href":"https:\/\/api.w.org\/{rel}","templated":true}]}}